56 is divided by 237?
235
What is the remainder when 967 is divided by 248?
223
Calculate the remainder when 1835 is divided by 609.
8
Calculate the remainder when 234 is divided by 17.
13
Calculate the remainder when 1286 is divided by 116.
10
Calculate the remainder when 362 is divided by 70.
12
Calculate the remainder when 138 is divided by 73.
65
What is the remainder when 125 is divided by 60?
5
What is the remainder when 1104 is divided by 9?
6
What is the remainder when 149 is divided by 70?
9
Calculate the remainder when 388 is divided by 32.
4
Calculate the remainder when 590 is divided by 31.
1
Calculate the remainder when 270 is divided by 44.
6
Calculate the remainder when 171 is divided by 92.
79
Calculate the remainder when 54 is divided by 25.
4
Calculate the remainder when 692 is divided by 11.
10
What is the remainder when 13285 is divided by 44?
41
What is the remainder when 3896 is divided by 973?
4
What is the remainder when 4113 is divided by 21?
18
Calculate the remainder when 1445 is divided by 29.
24
Calculate the remainder when 40173 is divided by 108.
105
What is the remainder when 281 is divided by 103?
75
What is the remainder when 144 is divided by 75?
69
What is the remainder when 7795 is divided by 14?
11
What is the remainder when 28 is divided by 22?
6
Calculate the remainder when 7871 is divided by 39.
32
Calculate the remainder when 223 is divided by 62.
37
What is the remainder when 1076 is divided by 360?
356
What is the remainder when 75 is divided by 12?
3
What is the remainder when 2463 is divided by 16?
15
What is the remainder when 363 is divided by 7?
6
What is the remainder when 10535 is divided by 124?
119
Calculate the remainder when 702 is divided by 100.
2
Calculate the remainder when 6065 is divided by 264.
257
What is the remainder when 218 is divided by 117?
101
Calculate the remainder when 1631 is divided by 109.
105
Calculate the remainder when 591 is divided by 20.
11
Calculate the remainder when 1149 is divided by 67.
10
What is the remainder when 74 is divided by 6?
2
What is the remainder when 368 is divided by 200?
168
What is the remainder when 1467 is divided by 91?
11
What is the remainder when 132 is divided by 44?
0
What is the remainder when 1646 is divided by 127?
122
What is the remainder when 2150 is divided by 143?
5
Calculate the remainder when 107 is divided by 53.
1
What is the remainder when 175 is divided by 16?
15
What is the remainder when 175 is divided by 45?
40
What is the remainder when 135 is divided by 70?
65
What is the remainder when 107 is divided by 47?
13
Calculate the remainder when 103 is divided by 55.
48
Calculate the remainder when 203 is divided by 52.
47
What is the remainder when 1912 is divided by 11?
9
What is the remainder when 99 is divided by 9?
0
What is the remainder when 1024 is divided by 339?
7
Calculate the remainder when 123 is divided by 46.
31
What is the remainder when 182 is divided by 50?
32
Calculate the remainder when 2125 is divided by 76.
73
Calculate the remainder when 656 is divided by 155.
36
Calculate the remainder when 51248 is divided by 10.
8
What is the remainder when 415 is divided by 5?
0
Calculate the remainder when 1638 is divided by 149.
148
What is the remainder when 962 is divided by 14?
10
What is the remainder when 16 is divided by 2?
0
Calculate the remainder when 475 is divided by 86.
45
What is the remainder when 2526 is divided by 420?
6
What is the remainder when 852 is divided by 143?
137
What is the remainder when 3636 is divided by 24?
12
What is the remainder when 886 is divided by 48?
22
What is the remainder when 177 is divided by 49?
30
Calculate the remainder when 60 is divided by 19.
3
What is the remainder when 503 is divided by 24?
23
What is the remainder when 369 is divided by 144?
81
Calculate the remainder when 203 is divided by 39.
8
Calculate the remainder when 1044 is divided by 256.
20
What is the remainder when 7967 is divided by 17?
11
Calculate the remainder when 7440 is divided by 17.
11
What is the remainder when 195 is divided by 18?
15
Calculate the remainder when 285 is divided by 88.
21
What is the remainder when 8946 is divided by 157?
154
What is the remainder when 399 is divided by 31?
27
What is the remainder when 209 is divided by 39?
14
What is the remainder when 207 is divided by 19?
17
Calculate the remainder when 191 is divided by 167.
24
What is the remainder when 141 is divided by 66?
9
What is the remainder when 3 is divided by 1?
0
What is the remainder when 286 is divided by 31?
7
Calculate the remainder when 606 is divided by 43.
4
What is the remainder when 317 is divided by 87?
56
What is the remainder when 50 is divided by 14?
8
What is the remainder when 870 is divided by 427?
16
What is the remainder when 1585 is divided by 23?
21
Calculate the remainder when 349 is divided by 11.
8
Calculate the remainder when 108 is divided by 45.
18
What is the remainder when 531 is divided by 91?
76
What is the remainder when 32 is divided by 10?
2
What is the remainder when 223 is divided by 78?
67
Calculate the remainder when 184 is divided by 7.
2
Calculate the remainder when 77 is divided by 16.
13
Calculate the remainder when 934 is divided by 208.
102
Calculate the remainder when 305 is divided by 74.
9
What is the remainder when 430 is divided by 18?
16
What is the remainder when 1116 is divided by 113?
99
What is the remainder when 382 is divided by 89?
26
What is the remainder when 1999 is divided by 50?
49
Calculate the remainder when 300 is divided by 7.
6
Calculate the remainder when 103 is divided by 27.
22
Calculate the remainder when 2493 is divided by 16.
13
Calculate the remainder when 995 is divided by 144.
131
What is the remainder when 168 is divided by 34?
32
Calculate the remainder when 88 is divided by 5.
3
What is the remainder when 12427 is divided by 13?
12
What is the remainder when 519 is divided by 506?
13
Calculate the remainder when 279 is divided by 28.
27
What is the remainder when 17488 is divided by 10?
8
What is the remainder when 1300 is divided by 21?
19
What is the remainder when 95 is divided by 51?
44
What is the remainder when 586 is divided by 227?
132
Calculate the remainder when 919 is divided by 456.
7
Calculate the remainder when 38 is divided by 6.
2
What is the remainder when 138 is divided by 14?
12
What is the remainder when 321 is divided by 5?
1
Calculate the remainder when 902 is divided by 295.
17
Calculate the remainder when 7 is divided by 1.
0
Calculate the remainder when 102 is divided by 26.
24
Calculate the remainder when 835 is divided by 44.
43
What is the remainder when 277 is divided by 108?
61
What is the remainder when 692 is divided by 8?
4
Calculate the remainder when 2207 is divided by 170.
167
Calculate the remainder when 190 is divided by 39.
34
What is the remainder when 35 is divided by 14?
7
What is the remainder when 76 is divided by 30?
16
What is the remainder when 95 is divided by 17?
10
What is the remainder when 76 is divided by 11?
10
What is the remainder when 1005 is divided by 994?
11
Calculate the remainder when 59 is divided by 23.
13
Calculate the remainder when 446 is divided by 66.
50
What is the remainder when 31 is divided by 11?
9
Calculate the remainder when 9489 is divided by 101.
96
What is the remainder when 6499 is divided by 342?
1
Calculate the remainder when 1849 is divided by 251.
92
What is the remainder when 329 is divided by 83?
80
What is the remainder when 181 is divided by 153?
28
What is the remainder when 244 is divided by 62?
58
Calculate the remainder when 1482 is divided by 213.
204
Calculate the remainder when 24093 is divided by 12.
9
What is the remainder when 181 is divided by 37?
33
What is the remainder when 757 is divided by 54?
1
What is the remainder when 977 is divided by 7?
4
Calculate the remainder when 1616 is divided by 30.
26
Calculate the remainder when 665 is divided by 37.
36
Calculate the remainder when 715 is divided by 16.
11
Calculate the remainder when 40 is divided by 23.
17
What is the remainder when 288 is divided by 80?
48
Calculate the remainder when 232 is divided by 67.
31
Calculate the remainder when 334 is divided by 89.
67
Wha